 is -10110110011011111 (base 2) in base 12?
-4607b
What is 9bbb1 (base 12) in base 8?
624765
Convert -17207 (base 10) to base 2.
-100001100110111
62506120 (base 7) to base 15
6de4c7
Convert 21120224 (base 5) to base 7.
1333015
What is -20136633 (base 7) in base 10?
-1673472
What is 1111100010111110000101 (base 2) in base 6?
223203325
Convert 37264 (base 14) to base 16.
20f18
Convert 57372 (base 11) to base 8.
242024
1616632 (base 8) to base 16
71d9a
Convert 1312120 (base 6) to base 9.
118383
-1001000010111000100001 (base 2) to base 6
-122453201
Convert -1411113 (base 10) to base 4.
-11120200221
-1215114 (base 6) to base 2
-1111110001110110
Convert 314320244 (base 5) to base 9.
2436071
What is 316143 (base 8) in base 13?
3908b
What is -10010010100001010 (base 2) in base 14?
-1d4a6
Convert 31918 (base 13) to base 8.
256516
Convert -257447 (base 8) to base 11.
-615a3
Convert 4210442 (base 5) to base 9.
115288
11101111011011101111 (base 2) to base 3
1211211021221
What is 3042651 (base 7) in base 11?
229176
-448149 (base 13) to base 16
-18ad46
Convert -233040 (base 5) to base 3.
-102200120
-534b97 (base 16) to base 6
-313000223
Convert 1211201020222 (base 3) to base 14.
1b6854
2041444 (base 7) to base 3
110110201121
What is -319a4 (base 11) in base 5?
-2441312
What is 320321 (base 8) in base 11?
73195
179600 (base 10) to base 7
1345421
Convert -515254531 (base 6) to base 3.
-121210220200101
What is -210422312 (base 6) in base 8?
-16006504
11010201222 (base 3) to base 2
10011111000110010
-1d889 (base 15) to base 4
-113202231
-2729987 (base 10) to base 12
-ab7a2b
-380b6 (base 12) to base 15
-17880
What is -92046e (base 16) in base 5?
-4422210030
Convert -2541257 (base 9) to base 12.
-56982a
1000141400 (base 5) to base 10
1958975
Convert -2c625 (base 16) to base 9.
-306336
What is -236552 (base 8) in base 10?
-81258
What is 1230330 (base 4) in base 11?
5269
Convert -208530 (base 9) to base 10.
-124362
-1606465 (base 8) to base 7
-3633220
Convert 1d4bb2 (base 14) to base 7.
11633512
Convert 7666061 (base 10) to base 15.
a1665b
What is -31637b3 (base 12) in base 9?
-18511610
What is 99532 (base 14) in base 15?
750e4
Convert 719780 (base 15) to base 16.
525f30
What is 1111000000111111100 (base 2) in base 7?
4116325
Convert -10baab (base 16) to base 10.
-1096363
Convert -142231442 (base 5) to base 11.
-468045
Convert -149603 (base 13) to base 8.
-1734727
Convert -864935 (base 14) to base 4.
-101111311103
What is 138855 (base 11) in base 5?
23413100
20022220202 (base 3) to base 4
132122312
Convert 4b2779 (base 14) to base 10.
2580839
-1022222222112 (base 3) to base 10
-708575
What is -1b9b4b (base 15) in base 6?
-44530055
What is -234205334 (base 7) in base 4?
-313111211120
Convert 643e3 (base 16) to base 5.
101114340
Convert -201131331 (base 4) to base 10.
-137085
Convert c0a5 (base 13) to base 12.
13403
What is -25601 (base 13) in base 4?
-100320002
What is b28da (base 15) in base 9?
1051807
What is 101010010001100001010 (base 2) in base 7?
14526363
4033104 (base 6) to base 5
22104300
Convert -3204155 (base 6) to base 8.
-461447
Convert -1111010111001110011000 (base 2) to base 4.
-33113032120
What is 1001110011110111001101 (base 2) in base 5?
1124243400
What is -10001110000011010010 (base 2) in base 4?
-2032003102
-31342010 (base 6) to base 10
-915414
What is -111443022 (base 5) in base 7?
-4151014
515a486 (base 11) to base 8
42571035
What is -1179117 (base 13) in base 11?
-3070687
Convert -425818 (base 9) to base 15.
-50238
-102211001200 (base 3) to base 13
-81b40
Convert -1a3549a (base 11) to base 3.
-20110102112010
1d3da (base 15) to base 5
11023010
-100424012 (base 5) to base 4
-1202312102
Convert 79a126 (base 13) to base 16.
2beb3f
Convert 10001111011101001110010 (base 2) to base 6.
244430522
What is 4baccc (base 14) in base 8?
11735504
What is c7c70 (base 13) in base 14?
953ca
Convert 2271c7c (base 13) to base 6.
1015112111
What is -1dcba2 (base 14) in base 10?
-1072458
-90beb (base 16) to base 13
-179b1a
-198b4c (base 15) to base 11
-780057
Convert 5310 (base 12) to base 8.
21574
2a9f6 (base 16) to base 14
478a2
Convert 7881564 (base 10) to base 16.
78435c
What is -437798 (base 14) in base 4?
-20232122122
-30060 (base 9) to base 3
-1000002000
Convert -11020200212020 (base 3) to base 13.
-610785
What is -1111111101110101 (base 2) in base 10?
-65397
What is -1515720 (base 8) in base 13?
-122199
5efd46 (base 16) to base 12
2102686
a888 (base 15) to base 9
53842
What is 111200211021 (base 3) in base 10?
269602
Convert -1a8cb0 (base 14) to base 9.
-1702242
-1370640 (base 13) to base 10
-6141681
Convert -2aabeb (base 16) to base 4.
-22222233223
Convert -10121221022 (base 3) to base 14.
-1c03a
8315 (base 15) to base 6
332115
Convert 1074176 (base 9) to base 13.
17426a
Convert -1b91b0 (base 12) to base 8.
-1702324
1000100110000111001 (base 2) to base 10
281657
What is -58276 (base 10) in base 6?
-1125444
What is -783935 (base 10) in base 15?
-107425
What is -2455081 (base 9) in base 5?
-320214401
Convert 94182 (base 11) to base 5.
13343204
-102809 (base 10) to base 12
-4b5b5
Convert 403330214 (base 5) to base 16.
18bacc
Convert 229991 (base 10) to base 3.
102200111012
What is 456016 (base 8) in base 4?
211300032
2135060 (base 7) to base 12
1070b5
Convert -100ba (base 14) to base 15.
-b670
What is 1111002221002 (base 3) in base 5?
200230310
Convert -110001101011101111100 (base 2) to base 13.
-45003c
What is -340032 (base 6) in base 15?
-86c2
-56144645 (base 7) to base 2
-10010100000100000000111
-1106832 (base 9) to base 4
-2101121111
Convert -1e4cf4 (base 16) to base 12.
-7b9218
-132103300332 (base 4) to base 2
-11110010011110000111110
Convert 36ab040 (base 12) to base 16.
a2ec70
-1012da (base 15) to base 8
-2723015
Convert 25664 (base 12) to base 11.
353a1
Convert 1111100101001101 (base 2) to base 12.
30b25
Convert -2538b3 (base 13) to base 8.
-3321050
312403211 (base 6) to base 16
531157
237640 (base 8) to base 12
3b428
Convert -1cee2 (base 15) to base 6.
-2005235
Convert 3b108a (base 13) to base 9.
2620070
Convert 463314 (base 7) to base 13.
2b90b
What is b4d7 (base 15) in base 3?
1221102211
Convert -2121022012020 (base 3) to base 5.
-323240113
40310535 (base 6) to base 10
1144571
What is 10001101011000111 (base 2) in base 9?
120264
-46fe90 (base 16) to base 5
-2142341223
What is 154303 (base 9) in base 11?
65429
Convert 32776b (base 14) to base 11.
a69536
What is -66797 (base 10) in base 2?
-10000010011101101
Convert -15271f (base 16) to base 3.
-2121102121101
-22351344 (base 6) to base 5
-133331334
What is -6415203 (base 8) in base 10?
-1710723
2022201 (base 3) to base 13
a03
-57111a (base 15) to base 3
-21211002102021
-314068 (base 10) to base 11
-1a4a67
9585 (base 11) to base 3
122101112
What is -757897 (base 10) in base 16?
-b9089
What is 122122202102 (base 3) in base 10?
347555
3950624 (base 11) to base 8
32053523
Convert 26650356 (base 8) to base 6.
332133554
Convert -3ab296 (base 12) to base 14.
-1b4990
Convert -31202003332 (base 4) to base 14.
-684ad0
Convert -305332 (base 8) to base 5.
-11213312
15536743 (base 8) to base 16
36bde3
Convert -24535415 (base 7) to base 13.
-5c53bb
What is 11222121111102 (base 3) in base 7?
31343426
Convert 117349 (base 11) to base 12.
8b381
What is 3d552 (base 15) in base 16?
30158
-1111010001001000011 (base 2) to base 8
-1721103
2d8c2 (base 16) to base 14
4bdbc
20010200210 (base 3) to base 15
25bcc
Convert 101030312 (base 4) to base 12.
34932
Convert 3114266 (base 9) to base 7.
20064414
Convert -45034134 (base 6) to base 8.
-5134012
2233bc (base 16) to base 2
1000100011001110111100
Convert 1764652 (base 8) to base 13.
152060
What is 31203112 (base 4) in base 14?
16330
What is 5215077 (base 8) in base 14?
27dddd
Convert -1a1633c (base 13) to base 14.
-11d57cc
What is 1410432401 (base 5) in base 14?
69d084
Convert -6a3d4 (base 16) to base 10.
-435156
What is 224005 (base 6) in base 3?
222002012
42a4b1 (base 16) to base 7
52060226
152cd5 (base 14) to base 16
b428b
Convert 989712 (base 10) to base 5.
223132322
211083 (base 10) to base 8
634213
What is -244110324 (base 5) in base 2?
-100011011001110011001
What is 296a4a (base 11) in base 16?
71111
What is -110111001100001100 (base 2) in base 7?
-1631032
Convert 3